{"id":3027,"date":"2021-04-13T17:05:36","date_gmt":"2021-04-13T17:05:36","guid":{"rendered":"https:\/\/katarisportbike.cl\/?post_type=product&#038;p=3027"},"modified":"2026-03-26T02:14:52","modified_gmt":"2026-03-26T02:14:52","slug":"sirrus-x-2-0-blk-char-m","status":"publish","type":"product","link":"https:\/\/katarisportbike.cl\/index.php\/producto\/sirrus-x-2-0-blk-char-m\/","title":{"rendered":"SIRRUS X 2.0 BLK\/CHAR M"},"content":{"rendered":"<h4 id=\"tw-target-text\" class=\"tw-data-text tw-text-large tw-ta\" dir=\"ltr\" data-placeholder=\"Traducci\u00f3n\"><span class=\"Y2IQFc\" lang=\"es\">Sirrus X es tu boleto para pedalear m\u00e1s y para llegar a lugares que nunca imaginaste posibles. Es una bicicleta c\u00f3moda, con llantas m\u00e1s grandes que inspiran confianza, una posici\u00f3n de conducci\u00f3n un poco m\u00e1s erguida y muchos soportes para montar alforjas y bolsos. <\/span><\/h4>\n<h4 class=\"tw-data-text tw-text-large tw-ta\" dir=\"ltr\" data-placeholder=\"Traducci\u00f3n\"><span class=\"Y2IQFc\" lang=\"es\">Sirrus X es m\u00e1s que un compa\u00f1ero en el pavimento, es adem\u00e1s una excelente opci\u00f3n a la hora de rodar en suelo de grava. Tambi\u00e9n hemos equipado cada Sirrus X con comodidad de nivel superior gracias a nuestro sill\u00edn, pu\u00f1os y pedales Shared Platform Body Geometry cient\u00edficamente probados y dise\u00f1ados ergon\u00f3micamente. <\/span><\/h4>\n<h4 class=\"tw-data-text tw-text-large tw-ta\" dir=\"ltr\" data-placeholder=\"Traducci\u00f3n\"><span class=\"Y2IQFc\" lang=\"es\">Cuadro ligero de aluminio con cableado interno limpio. M\u00e1ximo control a trav\u00e9s de cambios hiperintuitivos con cambios de rango amplio de 1&#215;8 y potentes frenos de disco hidr\u00e1ulicos.<\/span><\/h4>\n<h4 class=\"tw-data-text tw-text-large tw-ta\" dir=\"ltr\" data-placeholder=\"Traducci\u00f3n\"><span class=\"Y2IQFc\" lang=\"es\">Vive la sensaci\u00f3n de flotar sobre terrenos irregulares con neum\u00e1ticos Specialized Pathfinder 42c que incorpora esta bicicleta con compuesto de caucho patentado Gripton X, un neum\u00e1tico de nivel deportivo premium<\/span><\/h4>\n","protected":false},"excerpt":{"rendered":"<p>Sirrus X es tu boleto para pedalear m\u00e1s y para llegar a lugares que nunca imaginaste posibles. Es una bicicleta c\u00f3moda, con llantas m\u00e1s grandes que inspiran confianza, una posici\u00f3n de conducci\u00f3n un poco m\u00e1s erguida y muchos soportes para montar alforjas y bolsos. Sirrus X es m\u00e1s que un compa\u00f1ero en el pavimento, es [&hellip;]<\/p>\n","protected":false},"featured_media":3004,"comment_status":"open","ping_status":"closed","template":"","meta":[],"class_list":["post-3027","product","type-product","status-publish","has-post-thumbnail","hentry","product_cat-bicicletas","product_cat-fitness-hibridas","product_cat-urban"],"yoast_head":"<!-- This site is optimized with the Yoast SEO plugin v16.0.2 - https:\/\/yoast.com\/wordpress\/plugins\/seo\/ -->\n<title>SIRRUS X 2.0 BLK\/CHAR M &bull; Katari Sport Bike<\/title>\n<meta name=\"description\" content=\"Cuadro ligero de aleaci\u00f3n A1 con enrutamiento de cables interno limpio, 3,5 libras (1,7 kg) m\u00e1s ligero que nuestro modelo Crosstrail Hydro.Control Maxiumum a trav\u00e9s de cambios hiperintuitivos con marchas de 1x8 de amplio rango y potentes frenos de disco hidr\u00e1ulicos.Flote sobre terrenos accidentados con neum\u00e1ticos Specialized Pathfinder 42c de rodadura r\u00e1pida con compuesto de caucho patentado Gripton.X - Neum\u00e1tico de nivel deportivo premium.\" \/>\n<link rel=\"canonical\" href=\"https:\/\/katarisportbike.cl\/index.php\/producto\/sirrus-x-2-0-blk-char-m\/\" \/>\n<meta property=\"og:locale\" content=\"es_ES\" \/>\n<meta property=\"og:type\" content=\"article\" \/>\n<meta property=\"og:title\" content=\"SIRRUS X 2.0 BLK\/CHAR M &bull; Katari Sport Bike\" \/>\n<meta property=\"og:description\" content=\"Cuadro ligero de aleaci\u00f3n A1 con enrutamiento de cables interno limpio, 3,5 libras (1,7 kg) m\u00e1s ligero que nuestro modelo Crosstrail Hydro.Control Maxiumum a trav\u00e9s de cambios hiperintuitivos con marchas de 1x8 de amplio rango y potentes frenos de disco hidr\u00e1ulicos.Flote sobre terrenos accidentados con neum\u00e1ticos Specialized Pathfinder 42c de rodadura r\u00e1pida con compuesto de caucho patentado Gripton.X - Neum\u00e1tico de nivel deportivo premium.\" \/>\n<meta property=\"og:url\" content=\"https:\/\/katarisportbike.cl\/index.php\/producto\/sirrus-x-2-0-blk-char-m\/\" \/>\n<meta property=\"og:site_name\" content=\"Katari Sport Bike\" \/>\n<meta property=\"article:modified_time\" content=\"2026-03-26T02:14:52+00:00\" \/>\n<meta property=\"og:image\" content=\"https:\/\/katarisportbike.cl\/wp-content\/uploads\/2021\/04\/SIRRUS-X-2.0-BLK_CHAR-S_L_M__01-sq.jpeg\" \/>\n\t<meta property=\"og:image:width\" content=\"1080\" \/>\n\t<meta property=\"og:image:height\" content=\"1080\" \/>\n<meta name=\"twitter:card\" content=\"summary_large_image\" \/>\n<meta name=\"twitter:label1\" content=\"Est. reading time\">\n\t<meta name=\"twitter:data1\" content=\"1 minuto\">\n<script type=\"application\/ld+json\" class=\"yoast-schema-graph\">{\"@context\":\"https:\/\/schema.org\",\"@graph\":[{\"@type\":\"WebSite\",\"@id\":\"https:\/\/katarisportbike.cl\/#website\",\"url\":\"https:\/\/katarisportbike.cl\/\",\"name\":\"Katari Sport Bike\",\"description\":\"Representante Oficial de Specialized en Antofagasta\",\"potentialAction\":[{\"@type\":\"SearchAction\",\"target\":\"https:\/\/katarisportbike.cl\/?s={search_term_string}\",\"query-input\":\"required name=search_term_string\"}],\"inLanguage\":\"es-CL\"},{\"@type\":\"ImageObject\",\"@id\":\"https:\/\/katarisportbike.cl\/index.php\/producto\/sirrus-x-2-0-blk-char-m\/#primaryimage\",\"inLanguage\":\"es-CL\",\"url\":\"https:\/\/katarisportbike.cl\/wp-content\/uploads\/2021\/04\/SIRRUS-X-2.0-BLK_CHAR-S_L_M__01-sq.jpeg\",\"width\":1080,\"height\":1080,\"caption\":\"SIRRUS-X-2.0-BLK_CHAR-S_L_M\"},{\"@type\":\"WebPage\",\"@id\":\"https:\/\/katarisportbike.cl\/index.php\/producto\/sirrus-x-2-0-blk-char-m\/#webpage\",\"url\":\"https:\/\/katarisportbike.cl\/index.php\/producto\/sirrus-x-2-0-blk-char-m\/\",\"name\":\"SIRRUS X 2.0 BLK\/CHAR M &bull; Katari Sport Bike\",\"isPartOf\":{\"@id\":\"https:\/\/katarisportbike.cl\/#website\"},\"primaryImageOfPage\":{\"@id\":\"https:\/\/katarisportbike.cl\/index.php\/producto\/sirrus-x-2-0-blk-char-m\/#primaryimage\"},\"datePublished\":\"2021-04-13T17:05:36+00:00\",\"dateModified\":\"2026-03-26T02:14:52+00:00\",\"description\":\"Cuadro ligero de aleaci\\u00f3n A1 con enrutamiento de cables interno limpio, 3,5 libras (1,7 kg) m\\u00e1s ligero que nuestro modelo Crosstrail Hydro.Control Maxiumum a trav\\u00e9s de cambios hiperintuitivos con marchas de 1x8 de amplio rango y potentes frenos de disco hidr\\u00e1ulicos.Flote sobre terrenos accidentados con neum\\u00e1ticos Specialized Pathfinder 42c de rodadura r\\u00e1pida con compuesto de caucho patentado Gripton.X - Neum\\u00e1tico de nivel deportivo premium.\",\"breadcrumb\":{\"@id\":\"https:\/\/katarisportbike.cl\/index.php\/producto\/sirrus-x-2-0-blk-char-m\/#breadcrumb\"},\"inLanguage\":\"es-CL\",\"potentialAction\":[{\"@type\":\"ReadAction\",\"target\":[\"https:\/\/katarisportbike.cl\/index.php\/producto\/sirrus-x-2-0-blk-char-m\/\"]}]},{\"@type\":\"BreadcrumbList\",\"@id\":\"https:\/\/katarisportbike.cl\/index.php\/producto\/sirrus-x-2-0-blk-char-m\/#breadcrumb\",\"itemListElement\":[{\"@type\":\"ListItem\",\"position\":1,\"item\":{\"@type\":\"WebPage\",\"@id\":\"https:\/\/katarisportbike.cl\/\",\"url\":\"https:\/\/katarisportbike.cl\/\",\"name\":\"Home\"}},{\"@type\":\"ListItem\",\"position\":2,\"item\":{\"@type\":\"WebPage\",\"@id\":\"https:\/\/katarisportbike.cl\/index.php\/tienda\/\",\"url\":\"https:\/\/katarisportbike.cl\/index.php\/tienda\/\",\"name\":\"Tienda\"}},{\"@type\":\"ListItem\",\"position\":3,\"item\":{\"@type\":\"WebPage\",\"@id\":\"https:\/\/katarisportbike.cl\/index.php\/producto\/sirrus-x-2-0-blk-char-m\/\",\"url\":\"https:\/\/katarisportbike.cl\/index.php\/producto\/sirrus-x-2-0-blk-char-m\/\",\"name\":\"SIRRUS X 2.0 BLK\/CHAR M\"}}]}]}<\/script>\n<!-- \/ Yoast SEO plugin. -->","_links":{"self":[{"href":"https:\/\/katarisportbike.cl\/index.php\/wp-json\/wp\/v2\/product\/3027","targetHints":{"allow":["GET"]}}],"collection":[{"href":"https:\/\/katarisportbike.cl\/index.php\/wp-json\/wp\/v2\/product"}],"about":[{"href":"https:\/\/katarisportbike.cl\/index.php\/wp-json\/wp\/v2\/types\/product"}],"replies":[{"embeddable":true,"href":"https:\/\/katarisportbike.cl\/index.php\/wp-json\/wp\/v2\/comments?post=3027"}],"wp:featuredmedia":[{"embeddable":true,"href":"https:\/\/katarisportbike.cl\/index.php\/wp-json\/wp\/v2\/media\/3004"}],"wp:attachment":[{"href":"https:\/\/katarisportbike.cl\/index.php\/wp-json\/wp\/v2\/media?parent=3027"}],"curies":[{"name":"wp","href":"https:\/\/api.w.org\/{rel}","templated":true}]}}