{"id":3213,"date":"2022-07-04T19:11:30","date_gmt":"2022-07-04T19:11:30","guid":{"rendered":"https:\/\/katarisportbike.cl\/?post_type=product&#038;p=3213"},"modified":"2022-07-04T19:11:30","modified_gmt":"2022-07-04T19:11:30","slug":"turbo-como-sl-5-0-l","status":"publish","type":"product","link":"https:\/\/katarisportbike.cl\/index.php\/producto\/turbo-como-sl-5-0-l\/","title":{"rendered":"Turbo Como SL 5.0 L"},"content":{"rendered":"<div>\n<p>\u00bfQu\u00e9 sucedi\u00f3 cuando llevamos nuestro sistema Super Light perfectamente equilibrado a nuestra popular bicicleta el\u00e9ctrica Turbo Como? La mejor combinaci\u00f3n de potencia, alcance, facilidad de uso y comodidad en una bicicleta que pesa un 40% menos que la bicicleta el\u00e9ctrica promedio. La Turbo Como Super Light (SL) est\u00e1 dise\u00f1ada para correr por la ciudad. Capaz de transportar el doble de su peso en carga, es una bicicleta de recados sorprendente que es tan emocionante de conducir como f\u00e1cil de poseer.<\/p>\n<p>A los ciclistas les encantar\u00e1 la facilidad de uso y bajo mantenimiento que viene con nuestra primera bicicleta el\u00e9ctrica Internal Gear Hub. IGH protege los engranajes de trabajo de tu bicicleta del clima y la suciedad del camino, extendiendo su vida hasta cuatro veces la de un desviador\/transmisi\u00f3n por cadena. Y puedes pasar el cambio en cualquier momento, s\u00ed, incluso cuando est\u00e1s detenido en los sem\u00e1foros.<\/p>\n<p>El dise\u00f1o sofisticado de la Turbo Como Super Light est\u00e1 listo para usar cuando quieras, de d\u00eda y de noche, con lluvia o con sol, con luces integradas que funcionan con la bater\u00eda, guardabarros y una gran capacidad de almacenamiento. La bater\u00eda de 320Wh est\u00e1 oculta de forma segura en el tubo diagonal, lo que la hace casi indistinguible de una bicicleta normal a primera vista. Pero en los d\u00edas en que quieras hacer m\u00e1s, conecta el Extensor de Rango opcional para recorrer hasta 190 kil\u00f3metros antes de necesitar una recarga. Conf\u00eda en nosotros cuando te decimos que se te encontrar\u00e1s haciendo recados para poder volver a pedalear.<\/p>\n<\/div>\n<ul>\n<li>Buje de engranajes interno (IGH) Nexus de 5 velocidades y transmisi\u00f3n por cadena para cambiar parado, mayor rendimiento de la bicicleta y menor mantenimiento de la bicicleta en casa.<\/li>\n<li>Bater\u00eda Specialized de 320Wh totalmente integrada en el tubo con Extensor de Rango opcional para hasta 190 kil\u00f3metros de alcance.<\/li>\n<li>Motor ligero personalizado Specialized SL 1.1, peak de 240 W\/35Nm, amplificaci\u00f3n 2 veces t\u00fa (180% de asistencia), ayuda hasta 45 km\/h (dependediendo de las regulaciones del pa\u00eds).<\/li>\n<li>Iluminaci\u00f3n delantera y trasera brillante e integrada para ver y ser visto.<\/li>\n<li>Rejilla frontal integrada con canasto y red superior.<\/li>\n<li>Portaequipajes trasero compatible con maletas Turbo Super Light y guardabarros DRYTECH.<\/li>\n<li>Compatible con la pantalla Turbo Connect del mercado de accesorios.<\/li>\n<li>Limpio enrutamiento interno de cables, los soportes de guardabarros\/portabultos y gr\u00e1ficos reflectantes.<\/li>\n<li>TRP Flow configura los frenos de disco hidr\u00e1ulicos para obtener la m\u00e1xima potencia de frenado.<\/li>\n<li>Las duraderas ruedas 650b combinadas con neum\u00e1ticos Nimbus 2.3 suavizan los caminos accidentados, al mismo tiempo que brindan protecci\u00f3n contra planos BlackBelt y acentos reflectantes para aumentar la visibilidad.<\/li>\n<\/ul>\n","protected":false},"excerpt":{"rendered":"<p>\u00bfQu\u00e9 sucedi\u00f3 cuando llevamos nuestro sistema Super Light perfectamente equilibrado a nuestra popular bicicleta el\u00e9ctrica Turbo Como? La mejor combinaci\u00f3n de potencia, alcance, facilidad de uso y comodidad en una bicicleta que pesa un 40% menos que la bicicleta el\u00e9ctrica promedio. La Turbo Como Super Light (SL) est\u00e1 dise\u00f1ada para correr por la ciudad. Capaz [&hellip;]<\/p>\n","protected":false},"featured_media":3214,"comment_status":"open","ping_status":"closed","template":"","meta":[],"class_list":["post-3213","product","type-product","status-publish","has-post-thumbnail","hentry","product_cat-bicicletas"],"yoast_head":"<!-- This site is optimized with the Yoast SEO plugin v16.0.2 - https:\/\/yoast.com\/wordpress\/plugins\/seo\/ -->\n<title>Turbo Como SL 5.0 L &bull; Katari Sport Bike<\/title>\n<link rel=\"canonical\" href=\"https:\/\/katarisportbike.cl\/index.php\/producto\/turbo-como-sl-5-0-l\/\" \/>\n<meta property=\"og:locale\" content=\"es_ES\" \/>\n<meta property=\"og:type\" content=\"article\" \/>\n<meta property=\"og:title\" content=\"Turbo Como SL 5.0 L &bull; Katari Sport Bike\" \/>\n<meta property=\"og:description\" content=\"\u00bfQu\u00e9 sucedi\u00f3 cuando llevamos nuestro sistema Super Light perfectamente equilibrado a nuestra popular bicicleta el\u00e9ctrica Turbo Como? La mejor combinaci\u00f3n de potencia, alcance, facilidad de uso y comodidad en una bicicleta que pesa un 40% menos que la bicicleta el\u00e9ctrica promedio. La Turbo Como Super Light (SL) est\u00e1 dise\u00f1ada para correr por la ciudad. Capaz [&hellip;]\" \/>\n<meta property=\"og:url\" content=\"https:\/\/katarisportbike.cl\/index.php\/producto\/turbo-como-sl-5-0-l\/\" \/>\n<meta property=\"og:site_name\" content=\"Katari Sport Bike\" \/>\n<meta property=\"og:image\" content=\"https:\/\/katarisportbike.cl\/wp-content\/uploads\/2022\/07\/Captura-de-Pantalla-2022-07-04-a-las-13.45.30.png\" \/>\n\t<meta property=\"og:image:width\" content=\"1202\" \/>\n\t<meta property=\"og:image:height\" content=\"673\" \/>\n<meta name=\"twitter:card\" content=\"summary_large_image\" \/>\n<meta name=\"twitter:label1\" content=\"Est. reading time\">\n\t<meta name=\"twitter:data1\" content=\"2 minutos\">\n<script type=\"application\/ld+json\" class=\"yoast-schema-graph\">{\"@context\":\"https:\/\/schema.org\",\"@graph\":[{\"@type\":\"WebSite\",\"@id\":\"https:\/\/katarisportbike.cl\/#website\",\"url\":\"https:\/\/katarisportbike.cl\/\",\"name\":\"Katari Sport Bike\",\"description\":\"Representante Oficial de Specialized en Antofagasta\",\"potentialAction\":[{\"@type\":\"SearchAction\",\"target\":\"https:\/\/katarisportbike.cl\/?s={search_term_string}\",\"query-input\":\"required name=search_term_string\"}],\"inLanguage\":\"es-CL\"},{\"@type\":\"ImageObject\",\"@id\":\"https:\/\/katarisportbike.cl\/index.php\/producto\/turbo-como-sl-5-0-l\/#primaryimage\",\"inLanguage\":\"es-CL\",\"url\":\"https:\/\/katarisportbike.cl\/wp-content\/uploads\/2022\/07\/Captura-de-Pantalla-2022-07-04-a-las-13.45.30.png\",\"width\":1202,\"height\":673},{\"@type\":\"WebPage\",\"@id\":\"https:\/\/katarisportbike.cl\/index.php\/producto\/turbo-como-sl-5-0-l\/#webpage\",\"url\":\"https:\/\/katarisportbike.cl\/index.php\/producto\/turbo-como-sl-5-0-l\/\",\"name\":\"Turbo Como SL 5.0 L &bull; Katari Sport Bike\",\"isPartOf\":{\"@id\":\"https:\/\/katarisportbike.cl\/#website\"},\"primaryImageOfPage\":{\"@id\":\"https:\/\/katarisportbike.cl\/index.php\/producto\/turbo-como-sl-5-0-l\/#primaryimage\"},\"datePublished\":\"2022-07-04T19:11:30+00:00\",\"dateModified\":\"2022-07-04T19:11:30+00:00\",\"breadcrumb\":{\"@id\":\"https:\/\/katarisportbike.cl\/index.php\/producto\/turbo-como-sl-5-0-l\/#breadcrumb\"},\"inLanguage\":\"es-CL\",\"potentialAction\":[{\"@type\":\"ReadAction\",\"target\":[\"https:\/\/katarisportbike.cl\/index.php\/producto\/turbo-como-sl-5-0-l\/\"]}]},{\"@type\":\"BreadcrumbList\",\"@id\":\"https:\/\/katarisportbike.cl\/index.php\/producto\/turbo-como-sl-5-0-l\/#breadcrumb\",\"itemListElement\":[{\"@type\":\"ListItem\",\"position\":1,\"item\":{\"@type\":\"WebPage\",\"@id\":\"https:\/\/katarisportbike.cl\/\",\"url\":\"https:\/\/katarisportbike.cl\/\",\"name\":\"Home\"}},{\"@type\":\"ListItem\",\"position\":2,\"item\":{\"@type\":\"WebPage\",\"@id\":\"https:\/\/katarisportbike.cl\/index.php\/tienda\/\",\"url\":\"https:\/\/katarisportbike.cl\/index.php\/tienda\/\",\"name\":\"Tienda\"}},{\"@type\":\"ListItem\",\"position\":3,\"item\":{\"@type\":\"WebPage\",\"@id\":\"https:\/\/katarisportbike.cl\/index.php\/producto\/turbo-como-sl-5-0-l\/\",\"url\":\"https:\/\/katarisportbike.cl\/index.php\/producto\/turbo-como-sl-5-0-l\/\",\"name\":\"Turbo Como SL 5.0 L\"}}]}]}<\/script>\n<!-- \/ Yoast SEO plugin. -->","_links":{"self":[{"href":"https:\/\/katarisportbike.cl\/index.php\/wp-json\/wp\/v2\/product\/3213","targetHints":{"allow":["GET"]}}],"collection":[{"href":"https:\/\/katarisportbike.cl\/index.php\/wp-json\/wp\/v2\/product"}],"about":[{"href":"https:\/\/katarisportbike.cl\/index.php\/wp-json\/wp\/v2\/types\/product"}],"replies":[{"embeddable":true,"href":"https:\/\/katarisportbike.cl\/index.php\/wp-json\/wp\/v2\/comments?post=3213"}],"wp:featuredmedia":[{"embeddable":true,"href":"https:\/\/katarisportbike.cl\/index.php\/wp-json\/wp\/v2\/media\/3214"}],"wp:attachment":[{"href":"https:\/\/katarisportbike.cl\/index.php\/wp-json\/wp\/v2\/media?parent=3213"}],"curies":[{"name":"wp","href":"https:\/\/api.w.org\/{rel}","templated":true}]}}