{"id":3215,"date":"2022-07-04T19:13:49","date_gmt":"2022-07-04T19:13:49","guid":{"rendered":"https:\/\/katarisportbike.cl\/?post_type=product&#038;p=3215"},"modified":"2022-07-04T19:14:26","modified_gmt":"2022-07-04T19:14:26","slug":"turbo-vado-4-0-l","status":"publish","type":"product","link":"https:\/\/katarisportbike.cl\/index.php\/producto\/turbo-vado-4-0-l\/","title":{"rendered":"Turbo Vado 4.0 L"},"content":{"rendered":"<div>\n<p>La Vado es el medio de transporte para todo, desde viajes diarios hasta entrenamientos r\u00e1pidos y aventuras m\u00e1s largas de lo planeado: una bicicleta el\u00e9ctrica de por vida. Vado, la experiencia de bicicleta el\u00e9ctrica m\u00e1s fluida hasta la fecha, est\u00e1 dise\u00f1ada para enfrentarse audazmente al paisaje en constante cambio que encontrar\u00e1 como ciclista diario, llevar lo que necesite y mantenerlo pedaleando con m\u00e1s frecuencia.<\/p>\n<p>La geometr\u00eda redise\u00f1ada lo sit\u00faa en la mejor posici\u00f3n para todo, desde los entrenamientos hasta los viajes cotidianos, mientras mantiene c\u00f3modamente la vista en los caminos con mucho tr\u00e1fico. Aprendimos de la velocidad que busca un ciclista de ruta y la maniobrabilidad que necesita un ciclista de monta\u00f1a. La posici\u00f3n del ciclista en la Vado infunde confianza y, al mismo tiempo, optimiza la capacidad del ciclista para impulsar de manera eficiente de A a B.<\/p>\n<\/div>\n<ul>\n<li>El motor Turbo Full Power 2.0 y la bater\u00eda de 710Wh ofrecen una experiencia de conducci\u00f3n incomparable, proporcionando una amplificaci\u00f3n suave, fluida y sorprendentemente silenciosa de sus esfuerzos, hasta 28 km\/h. El controlador integrado responde a tu pedaleo, lo que resulta en una amplificaci\u00f3n intuitiva de tus esfuerzos con una sensaci\u00f3n incre\u00edblemente natural.<\/li>\n<li>MasterMind y Mission Control: la pantalla MasterMind revela toda la informaci\u00f3n relevante sobre tu recorrido, permite el ajuste en tiempo real de los niveles de soporte y habilita actualizaciones inal\u00e1mbricas para que tu bicicleta mejore con el tiempo. MasterMind se integra a la perfecci\u00f3n con la aplicaci\u00f3n Mission Control para herramientas de optimizaci\u00f3n de rango, ajuste avanzado, diagn\u00f3sticos durante el pedaleo y m\u00e1s.<\/li>\n<li>Eficacia suave comprobada: dise\u00f1amos un mecanismo de prueba personalizado para analizar golpes incluso con la frecuencia m\u00e1s peque\u00f1a para aumentar la comodidad y la visi\u00f3n. Esa precisi\u00f3n, combinada con una tija de sill\u00edn suspendida, neum\u00e1ticos de mayor volumen y una horquilla de suspensi\u00f3n de 80 mm, aplanar\u00e1 los caminos ante sus ojos.<\/li>\n<li>Turbo System Lock: usa la aplicaci\u00f3n Mission Control para desactivar el motor de tu bicicleta y activar la alarma del sensor de movimiento. Una vez bloqueado, el motor no se puede volver a activar excepto por el propietario.<\/li>\n<li>Bater\u00eda de tubo descendente extra\u00edble y bloqueable totalmente integrada: f\u00e1cil de cargar, f\u00e1cil de asegurar.<\/li>\n<li>Equipado con guardabarros DRYTECH, luces LED delanteras y traseras y rejilla trasera HD de 27 kg de capacidad. El portabicicletas trasero es compatible con los asientos de bicicleta para ni\u00f1os, y la bicicleta tambi\u00e9n est\u00e1 clasificada para tirar de un remolque de eje pasante.<\/li>\n<\/ul>\n","protected":false},"excerpt":{"rendered":"<p>La Vado es el medio de transporte para todo, desde viajes diarios hasta entrenamientos r\u00e1pidos y aventuras m\u00e1s largas de lo planeado: una bicicleta el\u00e9ctrica de por vida. Vado, la experiencia de bicicleta el\u00e9ctrica m\u00e1s fluida hasta la fecha, est\u00e1 dise\u00f1ada para enfrentarse audazmente al paisaje en constante cambio que encontrar\u00e1 como ciclista diario, llevar [&hellip;]<\/p>\n","protected":false},"featured_media":3216,"comment_status":"open","ping_status":"closed","template":"","meta":[],"class_list":["post-3215","product","type-product","status-publish","has-post-thumbnail","hentry","product_cat-bicicletas"],"yoast_head":"<!-- This site is optimized with the Yoast SEO plugin v16.0.2 - https:\/\/yoast.com\/wordpress\/plugins\/seo\/ -->\n<title>Turbo Vado 4.0 L &bull; Katari Sport Bike<\/title>\n<link rel=\"canonical\" href=\"https:\/\/katarisportbike.cl\/index.php\/producto\/turbo-vado-4-0-l\/\" \/>\n<meta property=\"og:locale\" content=\"es_ES\" \/>\n<meta property=\"og:type\" content=\"article\" \/>\n<meta property=\"og:title\" content=\"Turbo Vado 4.0 L &bull; Katari Sport Bike\" \/>\n<meta property=\"og:description\" content=\"La Vado es el medio de transporte para todo, desde viajes diarios hasta entrenamientos r\u00e1pidos y aventuras m\u00e1s largas de lo planeado: una bicicleta el\u00e9ctrica de por vida. Vado, la experiencia de bicicleta el\u00e9ctrica m\u00e1s fluida hasta la fecha, est\u00e1 dise\u00f1ada para enfrentarse audazmente al paisaje en constante cambio que encontrar\u00e1 como ciclista diario, llevar [&hellip;]\" \/>\n<meta property=\"og:url\" content=\"https:\/\/katarisportbike.cl\/index.php\/producto\/turbo-vado-4-0-l\/\" \/>\n<meta property=\"og:site_name\" content=\"Katari Sport Bike\" \/>\n<meta property=\"article:modified_time\" content=\"2022-07-04T19:14:26+00:00\" \/>\n<meta property=\"og:image\" content=\"https:\/\/katarisportbike.cl\/wp-content\/uploads\/2022\/07\/Captura-de-Pantalla-2022-07-04-a-las-13.46.07.png\" \/>\n\t<meta property=\"og:image:width\" content=\"1195\" \/>\n\t<meta property=\"og:image:height\" content=\"671\" \/>\n<meta name=\"twitter:card\" content=\"summary_large_image\" \/>\n<meta name=\"twitter:label1\" content=\"Est. reading time\">\n\t<meta name=\"twitter:data1\" content=\"2 minutos\">\n<script type=\"application\/ld+json\" class=\"yoast-schema-graph\">{\"@context\":\"https:\/\/schema.org\",\"@graph\":[{\"@type\":\"WebSite\",\"@id\":\"https:\/\/katarisportbike.cl\/#website\",\"url\":\"https:\/\/katarisportbike.cl\/\",\"name\":\"Katari Sport Bike\",\"description\":\"Representante Oficial de Specialized en Antofagasta\",\"potentialAction\":[{\"@type\":\"SearchAction\",\"target\":\"https:\/\/katarisportbike.cl\/?s={search_term_string}\",\"query-input\":\"required name=search_term_string\"}],\"inLanguage\":\"es-CL\"},{\"@type\":\"ImageObject\",\"@id\":\"https:\/\/katarisportbike.cl\/index.php\/producto\/turbo-vado-4-0-l\/#primaryimage\",\"inLanguage\":\"es-CL\",\"url\":\"https:\/\/katarisportbike.cl\/wp-content\/uploads\/2022\/07\/Captura-de-Pantalla-2022-07-04-a-las-13.46.07.png\",\"width\":1195,\"height\":671},{\"@type\":\"WebPage\",\"@id\":\"https:\/\/katarisportbike.cl\/index.php\/producto\/turbo-vado-4-0-l\/#webpage\",\"url\":\"https:\/\/katarisportbike.cl\/index.php\/producto\/turbo-vado-4-0-l\/\",\"name\":\"Turbo Vado 4.0 L &bull; Katari Sport Bike\",\"isPartOf\":{\"@id\":\"https:\/\/katarisportbike.cl\/#website\"},\"primaryImageOfPage\":{\"@id\":\"https:\/\/katarisportbike.cl\/index.php\/producto\/turbo-vado-4-0-l\/#primaryimage\"},\"datePublished\":\"2022-07-04T19:13:49+00:00\",\"dateModified\":\"2022-07-04T19:14:26+00:00\",\"breadcrumb\":{\"@id\":\"https:\/\/katarisportbike.cl\/index.php\/producto\/turbo-vado-4-0-l\/#breadcrumb\"},\"inLanguage\":\"es-CL\",\"potentialAction\":[{\"@type\":\"ReadAction\",\"target\":[\"https:\/\/katarisportbike.cl\/index.php\/producto\/turbo-vado-4-0-l\/\"]}]},{\"@type\":\"BreadcrumbList\",\"@id\":\"https:\/\/katarisportbike.cl\/index.php\/producto\/turbo-vado-4-0-l\/#breadcrumb\",\"itemListElement\":[{\"@type\":\"ListItem\",\"position\":1,\"item\":{\"@type\":\"WebPage\",\"@id\":\"https:\/\/katarisportbike.cl\/\",\"url\":\"https:\/\/katarisportbike.cl\/\",\"name\":\"Home\"}},{\"@type\":\"ListItem\",\"position\":2,\"item\":{\"@type\":\"WebPage\",\"@id\":\"https:\/\/katarisportbike.cl\/index.php\/tienda\/\",\"url\":\"https:\/\/katarisportbike.cl\/index.php\/tienda\/\",\"name\":\"Tienda\"}},{\"@type\":\"ListItem\",\"position\":3,\"item\":{\"@type\":\"WebPage\",\"@id\":\"https:\/\/katarisportbike.cl\/index.php\/producto\/turbo-vado-4-0-l\/\",\"url\":\"https:\/\/katarisportbike.cl\/index.php\/producto\/turbo-vado-4-0-l\/\",\"name\":\"Turbo Vado 4.0 L\"}}]}]}<\/script>\n<!-- \/ Yoast SEO plugin. -->","_links":{"self":[{"href":"https:\/\/katarisportbike.cl\/index.php\/wp-json\/wp\/v2\/product\/3215","targetHints":{"allow":["GET"]}}],"collection":[{"href":"https:\/\/katarisportbike.cl\/index.php\/wp-json\/wp\/v2\/product"}],"about":[{"href":"https:\/\/katarisportbike.cl\/index.php\/wp-json\/wp\/v2\/types\/product"}],"replies":[{"embeddable":true,"href":"https:\/\/katarisportbike.cl\/index.php\/wp-json\/wp\/v2\/comments?post=3215"}],"wp:featuredmedia":[{"embeddable":true,"href":"https:\/\/katarisportbike.cl\/index.php\/wp-json\/wp\/v2\/media\/3216"}],"wp:attachment":[{"href":"https:\/\/katarisportbike.cl\/index.php\/wp-json\/wp\/v2\/media?parent=3215"}],"curies":[{"name":"wp","href":"https:\/\/api.w.org\/{rel}","templated":true}]}}